{"id":1775,"date":"2018-08-02T15:11:18","date_gmt":"2018-08-02T13:11:18","guid":{"rendered":"http:\/\/www.eidenberg-agenda21.info\/web2\/?page_id=1775"},"modified":"2022-06-07T21:38:33","modified_gmt":"2022-06-07T19:38:33","slug":"links","status":"publish","type":"page","link":"https:\/\/www.eidenberg-agenda21.info\/web2\/links\/","title":{"rendered":"Links"},"content":{"rendered":"<div><\/div>\n<div>Lokale Agenda Ober\u00f6sterreich<\/div>\n<div><a href=\"https:\/\/www.agenda21-ooe.at\/\">www.agenda21-ooe.at<\/a><\/div>\n<div><\/div>\n<div id=\"c436\" class=\"csc-default\">\n<div class=\"i_link_element\">\n<h2>Ober\u00f6sterreich<\/h2>\n<div class=\"i_link_text\">\n<p class=\"linktitel\"><strong>Regionalmanagement Ober\u00f6sterreich<\/strong><\/p>\n<p class=\"ilinklink\"><a href=\"http:\/\/www.rmooe.at\" target=\"_blank\" rel=\"noopener\">www.rmooe.at<\/a><\/p>\n<\/div>\n<div class=\"i_link_text\">\n<p class=\"linktitel\"><strong>O\u00f6. Zukunftsakademie beim Amt der O\u00f6. Landesregierung, Direktion Pr\u00e4sidium<\/strong><\/p>\n<p class=\"ilinklink\"><a href=\"http:\/\/www.land-oberoesterreich.gv.at\" target=\"_blank\" rel=\"noopener\">www.land-oberoesterreich.gv.at<\/a><\/p>\n<\/div>\n<\/div>\n<\/div>\n<div id=\"c73\" class=\"csc-default\">\n<div class=\"i_link_element\">\n<h2>\u00d6sterreich<\/h2>\n<div class=\"i_link_text\">\n<p class=\"linktitel\"><strong>Nachhaltiges \u00d6sterreich<\/strong><\/p>\n<p class=\"ilinklink\"><a href=\"http:\/\/www.nachhaltigkeit.at\" target=\"_blank\" rel=\"noopener\">www.nachhaltigkeit.at<\/a><\/p>\n<\/div>\n<div class=\"i_link_text\">\n<p class=\"linktitel\"><strong>Forum Umweltbildung<\/strong><\/p>\n<p class=\"ilinklink\"><a href=\"http:\/\/www.umweltbildung.at\" target=\"_blank\" rel=\"noopener\">www.umweltbildung.at<\/a><\/p>\n<\/div>\n<div class=\"i_link_text\">\n<p><strong>\u00d6kosoziales Forum \u00d6sterreich<\/strong><\/p>\n<p class=\"ilinklink\"><a href=\"http:\/\/www.oekosoziales-forum.at\" target=\"_blank\" rel=\"noopener\">www.oekosoziales-forum.at<\/a><\/p>\n<\/div>\n<div class=\"i_link_text\">\n<p><strong>Footprint &#8211; der \u00f6kologische Fu\u00dfabdruck<\/strong><\/p>\n<p class=\"ilinklink\"><a href=\"http:\/\/www.mein-fussabdruck.at\" target=\"_blank\" rel=\"noopener\">www.mein-fussabdruck.at<\/a><\/p>\n<\/div>\n<\/div>\n<\/div>\n<h2>International<\/h2>\n<div class=\"i_link_text\">\n<p><strong>Global Marshall Plan &#8211; Initiative<\/strong><\/p>\n<p class=\"ilinklink\"><a href=\"http:\/\/www.globalmarshallplan.org\" target=\"_blank\" rel=\"noopener\">www.globalmarshallplan.org<\/a><\/p>\n<\/div>\n<div class=\"i_link_text\">\n<p><strong>Aalborg Commitments<\/strong><\/p>\n<p class=\"ilinklink\"><a href=\"http:\/\/www.aalborgplus10.dk\" target=\"_blank\" rel=\"noopener\">www.aalborgplus10.dk<\/a><\/p>\n<\/div>\n<div class=\"i_link_text\">\n<p><strong>Umweltprogramm der Vereinten Nationen<\/strong><\/p>\n<p class=\"ilinklink\"><a href=\"http:\/\/www.unep.org\" target=\"_blank\" rel=\"noopener\">www.unep.org<\/a><\/p>\n<\/div>\n<div class=\"i_link_text\">\n<p><strong>Europ\u00e4ische Kampagne f\u00fcr zukunftsbest\u00e4ndige St\u00e4dte und Gemeinden<\/strong><\/p>\n<p class=\"ilinklink\"><a href=\"http:\/\/www.sustainable-cities.eu\" target=\"_blank\" rel=\"noopener\">www.sustainable-cities.eu<\/a><\/p>\n<\/div>\n","protected":false},"excerpt":{"rendered":"<p>Lokale Agenda Ober\u00f6sterreich www.agenda21-ooe.at Ober\u00f6sterreich Regionalmanagement Ober\u00f6sterreich www.rmooe.at O\u00f6. Zukunftsakademie beim Amt der O\u00f6. Landesregierung, Direktion Pr\u00e4sidium www.land-oberoesterreich.gv.at \u00d6sterreich Nachhaltiges \u00d6sterreich www.nachhaltigkeit.at Forum Umweltbildung www.umweltbildung.at \u00d6kosoziales Forum \u00d6sterreich www.oekosoziales-forum.at Footprint &#8211; der \u00f6kologische Fu\u00dfabdruck www.mein-fussabdruck.at International Global Marshall Plan &#8211; Initiative www.globalmarshallplan.org Aalborg Commitments www.aalborgplus10.dk Umweltprogramm der Vereinten Nationen www.unep.org Europ\u00e4ische Kampagne f\u00fcr zukunftsbest\u00e4ndige St\u00e4dte [&hellip;]<\/p>\n","protected":false},"author":1,"featured_media":3272,"parent":0,"menu_order":0,"comment_status":"closed","ping_status":"closed","template":"","meta":{"footnotes":""},"class_list":["post-1775","page","type-page","status-publish","has-post-thumbnail","hentry","post-wrapper","thrv_wrapper"],"_links":{"self":[{"href":"https:\/\/www.eidenberg-agenda21.info\/web2\/wp-json\/wp\/v2\/pages\/1775","targetHints":{"allow":["GET"]}}],"collection":[{"href":"https:\/\/www.eidenberg-agenda21.info\/web2\/wp-json\/wp\/v2\/pages"}],"about":[{"href":"https:\/\/www.eidenberg-agenda21.info\/web2\/wp-json\/wp\/v2\/types\/page"}],"author":[{"embeddable":true,"href":"https:\/\/www.eidenberg-agenda21.info\/web2\/wp-json\/wp\/v2\/users\/1"}],"replies":[{"embeddable":true,"href":"https:\/\/www.eidenberg-agenda21.info\/web2\/wp-json\/wp\/v2\/comments?post=1775"}],"version-history":[{"count":2,"href":"https:\/\/www.eidenberg-agenda21.info\/web2\/wp-json\/wp\/v2\/pages\/1775\/revisions"}],"predecessor-version":[{"id":3215,"href":"https:\/\/www.eidenberg-agenda21.info\/web2\/wp-json\/wp\/v2\/pages\/1775\/revisions\/3215"}],"wp:featuredmedia":[{"embeddable":true,"href":"https:\/\/www.eidenberg-agenda21.info\/web2\/wp-json\/wp\/v2\/media\/3272"}],"wp:attachment":[{"href":"https:\/\/www.eidenberg-agenda21.info\/web2\/wp-json\/wp\/v2\/media?parent=1775"}],"curies":[{"name":"wp","href":"https:\/\/api.w.org\/{rel}","templated":true}]}}